-- https://www.phpmyadmin.net/
--

START TRANSACTION;



--
-- Database: `primaryschooldb`
--

-- --------------------------------------------------------

--
-- Table structure for table `edara`
--

CREATE TABLE `edara` (
  `GovID` int(11) NOT NULL,
  `EdaraID` int(11) NOT NULL,
  `EdaraName` varchar(50) CHARACTER SET utf8 COLLATE utf8_general_ci NOT NULL
) ENGINE=InnoDB DEFAULT CHARSET=utf8mb4 COLLATE=utf8mb4_unicode_ci;

--
-- Dumping data for table `edara`
--

INSERT INTO `edara` (`GovID`, `EdaraID`, `EdaraName`) VALUES
(1, 101, 'روض الفرج'),
(1, 102, 'الساحل'),
(1, 103, 'حدائق القبة '),
(1, 104, 'الزيتون '),
(1, 105, 'شرق مدينة نصر'),
(1, 106, 'بدر'),
(1, 107, 'السلام'),
(1, 108, 'المطرية '),
(1, 109, 'الوايلى'),
(1, 110, 'السيدة زينب'),
(1, 111, 'مصر القديمة'),
(1, 112, 'حلوان'),
(1, 113, 'المستقبل'),
(1, 114, 'شبرا التعليمية '),
(2, 213, 'المنتزة اول التعليمية'),
(2, 214, 'المنتزة ثان'),
(2, 215, 'العجمى'),
(2, 216, 'برج العرب'),
(3, 317, 'شمال الاسماعيليه'),
(3, 318, 'جنوب الاسماعيلية '),
(3, 319, 'التل الكبير'),
(3, 320, 'القنطرة غرب'),
(3, 321, 'فايد'),
(4, 422, 'دمياط التعليمية '),
(4, 423, 'دمياط الجديدة'),
(4, 424, 'عزبة البرج'),
(4, 425, 'كفر البطيخ'),
(5, 525, 'الشيخ زويد'),
(5, 526, 'العريش'),
(5, 527, 'بئر العبد '),
(1, 628, '6أكتوبر التعليمية '),
(1, 629, 'أطفيح التعليمية'),
(1, 630, 'العياط'),
(1, 631, 'الواحات البحرية'),
(1, 632, 'حدائق اكتوبر'),
(1, 633, 'منشأة القناطر'),
(6, 634, 'شمال الجيزة'),
(7, 734, 'البلينا'),
(7, 735, 'المراغة'),
(7, 736, 'المنشاة'),
(7, 737, 'جرجا'),
(7, 738, 'جهينة'),
(7, 739, 'سوهاج'),
(7, 740, 'طهطا'),
(8, 839, 'صدفا'),
(8, 840, 'أبوتيج'),
(8, 841, 'أبنوب'),
(8, 842, 'اسيوط'),
(8, 843, 'القوصية '),
(9, 944, 'ابشواى'),
(9, 945, 'سنورس'),
(9, 946, 'شرق الفيوم'),
(9, 947, 'طاميه'),
(9, 948, 'يوسف الصديق'),
(10, 1049, 'إدارة نصر النوبة التعليمية '),
(10, 1050, 'أدفو'),
(10, 1051, 'أسوان'),
(10, 1052, 'دراو'),
(10, 1053, 'كوم أمبو');

-- --------------------------------------------------------

--
-- Table structure for table `evaluator`
--

CREATE TABLE `evaluator` (
  `NationalID` int(11) NOT NULL,
  `Name` varchar(60) NOT NULL,
  `phone` int(11) NOT NULL,
  `schoolID` int(11) NOT NULL,
  `ID` int(11) NOT NULL
) ENGINE=InnoDB DEFAULT CHARSET=utf8 COLLATE=utf8_bin;

-- --------------------------------------------------------

--
-- Table structure for table `government`
--

CREATE TABLE `government` (
  `GovID` int(11) NOT NULL,
  `GovName` varchar(30) CHARACTER SET utf8 COLLATE utf8_bin NOT NULL
) ENGINE=InnoDB DEFAULT CHARSET=utf8mb4 COLLATE=utf8mb4_general_ci;

--
-- Dumping data for table `government`
--

INSERT INTO `government` (`GovID`, `GovName`) VALUES
(1, 'القاهرة'),
(2, 'الإسكندرية'),
(3, 'الإسماعيلية'),
(4, 'دمياط'),
(5, 'شمال سيناء'),
(6, 'الجيزة'),
(7, 'سوهاج'),
(8, 'اسيوط'),
(9, 'الفيوم'),
(10, 'اسوان');

-- --------------------------------------------------------

--
-- Table structure for table `school`
--

CREATE TABLE `school` (
  `EdaraID` int(11) NOT NULL,
  `SchoolID` int(11) NOT NULL,
  `SchoolName` varchar(60) CHARACTER SET utf8 COLLATE utf8_bin NOT NULL,
  `StudentCount` int(11) DEFAULT NULL
) ENGINE=InnoDB DEFAULT CHARSET=utf8mb4 COLLATE=utf8mb4_general_ci;

--
-- Dumping data for table `school`
--

INSERT INTO `school` (`EdaraID`, `SchoolID`, `SchoolName`, `StudentCount`) VALUES
(104, 1, 'الاداب المشتركة', 327),
(104, 2, 'الآداب بنين', 249),
(104, 3, 'الشهيد احمد عبد المحسن', 784),
(104, 4, 'الشهيد محمد عادل عبد العليم', 356),
(104, 5, 'العزيز بالله ', 527),
(104, 6, 'الوادى', 704),
(104, 7, 'حدائق الاميرية ب', 599),
(104, 8, 'دار السعادة بنات', 505),
(104, 9, 'فريد طايل', 763),
(104, 10, 'ناصر الابتدائية', 664),
(102, 11, 'الازهار', 168),
(102, 12, 'الأشراف', 266),
(102, 13, 'الامام محمد عبدة', 378),
(102, 14, 'السيدة خديجة الابتدائية', 430),
(102, 15, 'الشهيد جلال الدسوقى الإبتدائية', 446),
(102, 16, 'الشهيد عمرو عبد الخالق', 638),
(102, 17, 'راتب الإبتدائية ', 164),
(102, 18, 'عمر بن عبد العزيزالابتدائية ', 332),
(102, 19, 'فاطمه النبويه', 614),
(102, 20, 'محمد طلعت حرب', 649),
(107, 21, 'اسماء بنت ابى بكر ', 723),
(107, 22, 'الخلفاء الراشدين', 997),
(107, 23, 'السلام الابتدائية', 545),
(107, 24, 'حمزة بن عبد المطلب', 544),
(107, 25, 'سمية2', 606),
(107, 26, 'طارق بن زياد ', 734),
(107, 27, 'عمرو بن العاص', 933),
(107, 28, 'مجمع اسكندرية ب', 868),
(107, 29, 'مدرسة صهيب الرومي', 783),
(107, 30, 'مصعب بن عمير ', 932),
(110, 31, 'أحمدبن طولون', 224),
(110, 32, 'الحنفى الإبتدائية', 188),
(110, 33, 'السلام الابتدائية', 208),
(110, 34, 'السيدة الجديدة ب ', 315),
(110, 35, 'المنيرة الابتدائية الجديدة', 233),
(110, 36, 'حسن باشا طاهر الابتدائية', 413),
(110, 37, 'د/ طه حسين', 564),
(110, 38, 'داود باشا الابتدائية', 244),
(110, 39, 'ســعاد محمد عزت الابتدائية', 244),
(110, 40, 'نجم الدين', 496),
(113, 41, 'اللواء عزت', 450),
(113, 42, 'خالد بن الوليد', 494),
(113, 43, 'د/ طه حسين ب', 487),
(113, 44, 'زيد بن حارثة (ب)', 399),
(113, 45, 'على بن ابى طالب', 1540),
(113, 46, 'على مبارك للتعليم الاساسى', 273),
(113, 47, 'محمد فريد ', 289),
(113, 48, 'مدرسة نجيب محفوظ', 263),
(113, 49, 'مصطفى كامل', 386),
(113, 50, 'نبيل فهمى', 318),
(108, 51, 'ابطال العبور', 772),
(108, 52, 'اسامه وفا', 756),
(108, 53, 'الامام علي بن ابي طالب ', 1179),
(108, 54, 'الجهاد', 353),
(108, 55, 'الشهيد على نجم', 1593),
(108, 56, 'المطراوى الابتدائية', 1158),
(108, 57, 'رفاعه الطهطاوى', 692),
(108, 58, 'شجرة مريم الابتدائية', 614),
(108, 59, 'عبد الله النديم الابتدائية', 1174),
(108, 60, 'هدى شعراوي الابتدائيه ', 1111),
(109, 61, 'السيدة نفيسة', 458),
(109, 62, 'الشهيد عدنان المدنى', 366),
(109, 63, 'الشهيد عماد على كامل', 369),
(109, 64, 'الشهيدة الشيماء', 186),
(109, 65, 'القبة الفداوية', 474),
(109, 66, 'امين فكري ', 152),
(109, 67, 'بين الجناين', 454),
(109, 68, 'تقى الله حلمى ', 240),
(109, 69, 'سعيد ', 249),
(109, 70, 'عماربن ياسر', 488),
(106, 71, '30يونيو للتعليم الاساسي', 1137),
(106, 72, 'احمد عرابى', 409),
(106, 73, 'الزهور تعليم أساسي', 577),
(106, 74, 'الشهيد رامي', 929),
(106, 75, 'الشهيد مجند محمد ايمن شويقة ', 688),
(106, 76, 'جيهان السادات', 462),
(106, 77, 'شرق الروبيكي', 396),
(106, 78, 'عمر بن الخطاب للتعليم الأساسي', 597),
(106, 79, 'مصطفي المراغي', 549),
(106, 80, 'نجيب محفوظ', 873),
(103, 81, 'السادات الابتدائية الرسمية المشتركة ', 646),
(103, 82, 'الشهيد وليد عبد السميع ب', 532),
(103, 83, 'حافظ ابراهيم ابتدائى', 599),
(103, 84, 'حدائق القبة الابتدائية', 325),
(103, 85, 'خالد بن الوليد', 352),
(103, 86, 'عبد الله النديم الابتدائية', 904),
(103, 87, 'علي بن أبي طالب الإبتدائية', 396),
(103, 88, 'كوبرى القبة', 513),
(103, 89, 'محمد فريد', 572),
(103, 90, 'مدرسة الطلائع الإبتدائية ', 370),
(112, 91, 'احمد عرابى البتدائيه', 841),
(112, 92, 'اطلس ب', 853),
(112, 93, 'الشهيد ايمن محمد متولى ( الرشاد سابقا ) ', 774),
(112, 94, 'الشهيدة مريم أشرف', 1040),
(112, 95, 'حمامات حلوان الإبتدائية', 626),
(112, 96, 'رفاعه الطهطاوى ب', 540),
(112, 97, 'عبد العزيز بن مروان', 360),
(112, 98, 'علي بن أبي طالب ', 521),
(112, 99, 'عمر بن الخطاب الابتدائيه ', 838),
(112, 100, 'مدرسة أم المؤمنين', 1181),
(101, 101, '23يوليو ب ', 146),
(101, 102, 'الشهيد طارق محمد عبد اللاه حماد', 188),
(101, 103, 'العهد الجديد المعانة الإبتدائية', 168),
(101, 104, 'اليازجى الابتدائية', 438),
(101, 105, 'خالد بن الوليد', 97),
(101, 106, 'شبرا القديمه الابتدائية ب', 368),
(101, 107, 'عمر المختار', 269),
(101, 108, 'محمود سامي البارودي', 349),
(101, 109, 'مدرسة الناصر الابتدائيه ', 161),
(101, 110, 'مدرسة مسرة بنات', 171),
(114, 111, 'صليح حمد', 315),
(114, 112, 'الاتحاد القومى المشتركة', 206),
(114, 113, 'الاتحاد القومى بنين ', 168),
(114, 114, 'الاقباط', 78),
(114, 115, 'السلام المشنركة الحديثة', 170),
(114, 116, 'الشماشرجي ب ', 204),
(114, 117, 'العطار ب', 211),
(114, 118, 'جلال الأبتدائية بنات ', 220),
(114, 119, 'شبرا القديمة الابتدائية', 434),
(114, 120, 'قبة الهواء الابتدائية', 172),
(105, 121, ' مدرسة هشام الدين عزب ', 1012),
(105, 122, 'صقر قريش للتعليم الأساسي', 1089),
(105, 123, 'عبد العزيز جاويش ', 533),
(105, 124, 'عبد الله النديم ', 464),
(105, 125, 'الشهيد وليد عصام رمضان', 419),
(105, 126, 'أم المؤمنين الابتدائية', 735),
(105, 127, 'محمد قنصوة الابتدائية ', 1601),
(105, 128, 'مدرسة سعد بن ابي وقاص', 541),
(105, 129, 'مصطفى كمال حلمى', 1588),
(105, 130, 'نجيب محفوظ تعليم اساسى', 491),
(111, 131, 'احمد عبدالعزيزالرسمية', 399),
(111, 132, 'الدكتور هيكل الرسمية ', 327),
(111, 133, 'الشهيد عبد المنعم رياض', 827),
(111, 134, 'الشيخ مبارك ب ', 687),
(111, 135, 'الملك الصالح الابتدائية المشتركة الرسمية ', 347),
(111, 136, 'رقي الارشاد الابتدائية', 93),
(111, 137, 'عمرو بن العاص ب', 359),
(111, 138, 'عين الصيرة الأبتدائية', 386),
(111, 139, 'فؤاد جلال الابتدائية', 768),
(111, 140, 'مصر القديمه بالقبوه ', 124),
(215, 141, 'اسا س المكس الابتدائىة', 371),
(215, 142, 'الدخيلة الابتدائية المشتركة', 1084),
(215, 143, 'الدخيلة الجديدة ص', 823),
(215, 144, 'الدخيلة الجديدة م', 691),
(215, 145, 'الطبري الإبتدائية ', 262),
(215, 146, 'العوامي ', 626),
(215, 147, 'امير الشعراء الابتدائية الصباحية', 369),
(215, 148, 'امير الشعراء الابتدائية الصباحية ', 844),
(215, 149, 'بلال بن رباح أ . ص', 381),
(215, 150, 'بلال بن رباح الابتدائية المسائية', 466),
(215, 151, 'زيد بن حارثة م', 1678),
(215, 152, 'سعد بن ابى وقاص الابتدائية الصباحية', 714),
(215, 153, 'سعد بن ابي وقاص المسائية', 703),
(215, 154, 'طلمبات المكس الابتدائية ', 145),
(215, 155, 'عمار بن ياسر الصباحية ', 479),
(215, 156, 'عمار بن ياسر المسائية', 487),
(215, 157, 'محمد سليمان محمد', 429),
(215, 158, 'موسى بن نصير المسائية', 896),
(215, 159, 'موسي بن نصير الصباحية', 974),
(215, 160, 'نجيب الكيلاني الابتدائية', 624),
(215, 161, 'وادي القمر الابتدائية', 853),
(213, 162, 'االشهيد احمد حمدى ص', 335),
(213, 163, 'اسكان العبور', 1582),
(213, 164, 'الامام عبد الحليم محمود', 3277),
(213, 165, 'الاندلس والحجاز ص', 1196),
(213, 166, 'الاندلس والحجاز م', 1042),
(213, 167, 'الشهيد احمد حمدى ص', 1134),
(213, 168, 'العقيد على المصرى المسائية', 905),
(213, 169, 'العقيد على المصرى ص', 1122),
(213, 170, 'المتحدة 4', 1288),
(213, 171, 'المحمدية المسائية', 446),
(213, 172, 'المهاجرين', 1701),
(213, 173, 'تحسين الصحة الجديدة', 875),
(213, 174, 'تحسين الصحة القديمة', 545),
(213, 175, 'خلف الراس السوداء 55', 333),
(213, 176, 'خورشيد سكة حديد', 163),
(213, 177, 'سعد عثمان', 2162),
(213, 178, 'عمر مكرم مسائى', 993),
(213, 179, 'مجمع سيدى بشر ص', 1818),
(213, 180, 'محمد حلمى مراد الصباحية', 1212),
(213, 181, 'محمد محمود العشماوى', 636),
(213, 182, 'محمود رضا البحيرى الصباحية', 414),
(214, 183, 'ابن النفيس ص', 402),
(214, 184, 'الاصلاح الابتدائية', 803),
(214, 185, 'الزعيم السادات الابتدائيه المسائية', 1390),
(214, 186, 'الزهور1\\2', 1111),
(214, 187, 'الشهيد احمد شيبوب الصباحية', 1334),
(214, 188, 'الشيماء المسائيه', 796),
(214, 189, 'العلية الصباحية', 203),
(214, 190, 'العمراوي الابتدائية م ', 950),
(214, 191, 'المنشية البحرية الابتدائية  الصباحية', 761),
(214, 192, 'المنشية البحرية الابتدائية المسائية', 752),
(214, 193, 'النبوى المهندس م', 664),
(214, 194, 'النبوي المهندس ص ', 709),
(214, 195, 'حسن بغدادي', 390),
(214, 196, 'سعد زغلول م', 759),
(214, 197, 'عقبة بن نافع ', 715),
(214, 198, 'فهمى جبر الصباحية', 904),
(214, 199, 'فهمي جبر ا. مسائي', 854),
(214, 200, 'محمد متولى الشعراوى', 671),
(214, 201, 'مدرسة عاطف السادات الابتدائية', 1651),
(214, 202, 'مدرسة عبد العال ابو الغيط الابتدائية ص', 1672),
(216, 203, 'أرض الناصرية', 465),
(216, 204, 'الحي الثالث', 691),
(216, 205, 'السراحنة ', 233),
(216, 206, 'السلام ساحل الابتدائيه ', 80),
(216, 207, 'الشهيد عبد ربه خالد الابتدائية ', 618),
(216, 208, 'الشهيد عوض مبارك', 787),
(216, 209, 'الشهيد نصر محمد رواق ', 280),
(216, 210, 'الغربانيات الابتدائية ', 441),
(216, 211, 'القرية المركزية الابتدايية', 393),
(216, 212, 'بنجر 13 الابتدائية', 409),
(216, 213, 'بنجر 7 الجديدة الابتدائية', 310),
(216, 214, 'بنجر 7الابتدائية القديمة ', 359),
(216, 215, 'د. شفيق الخشن الابتدائية', 419),
(216, 216, 'طلمبات النصر محطة 5 الابتدائية', 166),
(216, 217, 'عبد الله بريك الابتدائيه', 386),
(216, 218, 'مجمع مسعود نصيب', 121),
(216, 219, 'مدرسة الثورة العرابية ', 817),
(216, 220, 'مدرسة نجع العقارى الابتدائية', 176),
(216, 221, 'مراقيا ', 127),
(216, 222, 'مصر الحرية الابتدائية', 1195),
(317, 223, ' الوحده العربيه', 346),
(317, 224, 'أحمد أمين الابتدائيه', 377),
(317, 225, 'الاتحاد الابتدائية المشتركة', 362),
(317, 226, 'الإسماعيلية سكة حديد', 400),
(317, 227, 'الجلاء الابتدائية', 871),
(317, 228, 'الشهداء الجديدة تعليم أساسى (ب)', 444),
(317, 229, 'الشهيد جواد حسنى', 1000),
(317, 230, 'الشهيد عبد المنعم رياض', 893),
(317, 231, 'الشهيد عمرو هلال الابتدائية ', 722),
(317, 232, 'الشيخ زايد الابتدائى', 189),
(317, 233, 'الفاروق عمر الابتدائية', 957),
(317, 234, 'النهضة الابتدائية بالسابعة', 328),
(317, 235, 'جمال الدين الافغانى', 259),
(317, 236, 'دوحة الزمان الابتدائية', 971),
(317, 237, 'رابعة العدوية الابتدائية', 965),
(317, 238, 'عاطف بركات الابتدائية', 765),
(317, 239, 'عباس العقاد الابتدائية', 885),
(317, 240, 'عثمان احمد عثمان', 406),
(317, 241, 'عمر مكرم الابتدائية', 664),
(318, 242, 'ابوحسان الابتدائية', 609),
(318, 243, 'أبوصبيح الإبتدائية ', 117),
(318, 244, 'ابوعطوة تعليم اساسي', 355),
(318, 245, 'الشهيد فتحى السماك الابتدائية', 404),
(318, 246, 'الضبعية ( ت . أ ) ابتدائي', 202),
(318, 247, 'العمدة صالح الابتدائية', 182),
(318, 248, 'الفاتح الجديدة الابتدائية', 464),
(318, 249, 'الفتح', 454),
(318, 250, 'صالح عيد الابتدائية', 349),
(318, 251, 'عبد السلام عارف', 573),
(318, 252, 'عبد الله الشرقاوى', 159),
(318, 253, 'عبده الزملوط', 373),
(318, 254, 'عثمان بن عفان تعليم اساسى (ب)', 408),
(318, 255, 'عزت عبد الوهاب الابتدائية', 319),
(318, 256, 'على بن أبى طالب ب', 140),
(318, 257, 'محمد محمد سليمان', 254),
(318, 258, 'مدرسة الشهيد محمد السماك للتعليم الاساسى ', 447),
(318, 259, 'مدرسة اللواء عطية خشانة ب ', 335),
(318, 260, 'مدرسة معسكر الجلاء ت. أ', 151),
(318, 261, 'مصطفى كامل بالحلوس ', 407),
(318, 262, 'مؤمن عادل عبد المجيد نعمان ابتدائي ', 434),
(319, 263, '      التل المحطة', 282),
(319, 264, 'إبراهيم حامد', 174),
(319, 265, 'أبو عيادة', 195),
(319, 266, 'ابو فيصل الابتدائية ', 175),
(319, 267, 'ابوبكر الصديق تعليم أساسي', 61),
(319, 268, 'الابطال', 188),
(319, 269, 'التل الجديدة للتعليم الاساسي ب', 751),
(319, 270, 'التل بنين الابتدائية ', 434),
(319, 271, 'السلام ب', 338),
(319, 272, 'الشهيد احمد جمال رشيد', 255),
(319, 273, 'الشهيد حسن الوحيدي ب', 574),
(319, 274, 'الشهيد حماد مشهور حماد الابتدائية ', 197),
(319, 275, 'الظاهرية تعليم اساسي ب ', 383),
(319, 276, 'العهدة', 308),
(319, 277, 'الغرابوة', 211),
(319, 278, 'القراقرة', 177),
(319, 279, 'القرين الجديده تعليم أساسي', 221),
(319, 280, 'تل أبو حامد', 174),
(319, 281, 'عثمان بن عفان الابتدائية', 266),
(319, 282, 'فاطمة الزهراء', 173),
(320, 283, 'ابو بكر الصديق الابتدائية', 348),
(320, 284, 'ابو رشيد الابتدائية', 194),
(320, 285, 'ابونجيب الابتدائية', 169),
(320, 286, 'الاتحاد الابتدائية ', 66),
(320, 287, 'الاخارسة', 216),
(320, 288, 'الروضة الابتدائية', 429),
(320, 289, 'الرياح الابتدائية ', 686),
(320, 290, 'الرياض ك17 الابتدائية', 405),
(320, 291, 'السلام ك19', 65),
(320, 292, 'السواركة تعليم اساسى ', 150),
(320, 293, 'الشهيد خيري (ب)', 308),
(320, 294, 'العبور الابتدائيه ', 412),
(320, 295, 'الفرس ب', 344),
(320, 296, 'الكيلو 14 غرب', 239),
(320, 297, 'المهندس اسماعيل القرقاري الابتدائية', 160),
(320, 298, 'خالد بن الوليد', 197),
(320, 299, 'طه حسين الابتدائية', 338),
(320, 300, 'فاطمة الزهراء الابتدائية', 1470),
(320, 301, 'مدرسة البناهوة تعليم اساسي', 265),
(320, 302, 'معاذ بن جبل الابتدائية', 194),
(321, 303, 'ابو سلطان الجديدة الابتدائية', 353),
(321, 304, 'ابوسلطان سكة حديد الابتدائية', 378),
(321, 305, 'احمد عرابى الابتدائية', 285),
(321, 306, 'الشهيد فريد ندا ب', 200),
(321, 307, 'الشهيد محمد حسن حميد الابتدائية', 235),
(321, 308, 'الشهيد يوسف السباعي', 143),
(321, 309, 'العبور الابتدائية  بالسواحل ', 261),
(321, 310, 'الفاروق عمر للتعليم الأساسي', 397),
(321, 311, 'القراقرة الابتدائية', 155),
(321, 312, 'المخاضة الابتدائية', 287),
(321, 313, 'النصر ', 205),
(321, 314, 'الهويس الابتدائية', 350),
(321, 315, 'بدر الابتدائية ', 199),
(321, 316, 'خالد بن الوليد', 452),
(321, 317, 'سرابيوم سكة حديد ', 177),
(321, 318, 'طلعت حرب الابتدائية', 78),
(321, 319, 'عباس العقاد', 128),
(321, 320, 'عبد الله شناوى الابتدائية', 1070),
(321, 321, 'عمر بن عبدالعزيز', 553),
(321, 322, 'كسفريت الابتدائية', 398),
(422, 323, '6 اكتوبر', 891),
(422, 324, 'ابو العز ', 502),
(422, 325, 'الامام محمد عبده الابتدائية ', 1785),
(422, 326, 'السيالة الجديدة', 572),
(422, 327, 'الشهيد البدرى ياسر', 210),
(422, 328, 'الشهيد فرحات', 173),
(422, 329, 'الشهيد يحيى العلايلى', 177),
(422, 330, 'الشهيدين محمد صابر مطاوع وفادى منتصر', 271),
(422, 331, 'الشيخ عبدالله عامر', 238),
(422, 332, 'الطلائع 2', 187),
(422, 333, 'العنانية 1', 960),
(422, 334, 'العنانية 2', 232),
(422, 335, 'الميناء الابتدائية', 1011),
(422, 336, 'شطا الجديدة', 353),
(422, 337, 'شطا العزبى ', 899),
(422, 338, 'شطا رقم 3 الابتدائية ', 707),
(422, 339, 'شهداء البصارطة ', 690),
(422, 340, 'عزبة الصعيدى', 460),
(422, 341, 'محمد حسن الزيات ', 945),
(422, 342, 'منية دمياط الإبتدائية', 400),
(423, 343, '25يناير ب', 499),
(423, 344, 'الباسل الخاصه', 438),
(423, 345, 'السيدة خديجة للتعليم الاساسي (ب )', 659),
(423, 346, 'السيدة عائشة للتعليم الأساسي', 641),
(423, 347, 'الشهيد محمود صلاح زهيرى', 737),
(423, 348, 'الكفراوى الرسمية للغات', 478),
(423, 349, 'الكفراوي للتعليم الأساسي', 646),
(423, 350, 'المستقبل للتعليم الأساسي (الابتدائي)', 833),
(423, 351, 'بلال بن رباح للتعليم الأساسي', 360),
(423, 352, 'جنة مصر الرسمية للغات ', 291),
(423, 353, 'خالد بن الوليد للتعليم الأساسي ', 693),
(423, 354, 'د / محمد حسن الزيات للتعليم الاساسى', 467),
(423, 355, 'د/ أحمد زويل للتعليم الأساسي(ب) ', 527),
(423, 356, 'دمياط الجديدة الرسمية المتميزة لغات', 509),
(423, 357, 'زيد بن حارثة الرسمية للغات', 646),
(423, 358, 'طارق بن زياد', 537),
(423, 359, 'طيبة الرسمية المتميزة للغات', 479),
(423, 360, 'علي بن أبي طالب الابتدائية ', 402),
(423, 361, 'معاذ بن جبل', 678),
(423, 362, 'رياض الصالحين الابتدائية', 547),
(424, 363, ' الشيخ ضرغام الابتدائيه', 989),
(424, 364, '25يناير الابتدائية ', 213),
(424, 365, 'احمد عرابى الابتدائية', 251),
(424, 366, 'الجواهرة الابتدائية', 203),
(424, 367, 'الرطمة الابتدائيى', 205),
(424, 368, 'الشهيد أحمد حسن الجنيدى', 493),
(424, 369, 'الشهيد أنيس الحليلي الابتدائية ', 292),
(424, 370, 'العهد الجديد الابتدائية', 361),
(424, 371, 'الفنار الإبتدائية المشتركة', 251),
(424, 372, 'الهدى الأبتدائية', 356),
(424, 373, 'بنات الخياطة الابتدائية', 333),
(424, 374, 'بنات الشاطئ الابتدائية', 846),
(424, 375, 'رأس البر الابتدائية المشتركة', 952),
(424, 376, 'عبد الحميد أبوصالحة', 437),
(424, 377, 'عزبة اللحم الابتدائية المشتركة رقم 1', 202),
(424, 378, 'كفر حميدو الابتدائية المشتركة ', 237),
(424, 379, 'محمد احمد الغباشي', 537),
(424, 380, 'مدرسة محمد أحمد سرحان ', 311),
(424, 381, 'وحدة الخياطة ب م', 515),
(424, 382, 'ينات البرج الابتدائية', 315),
(425, 383, 'أبو الخير عامر الابتدائية المشتركة ', 181),
(425, 384, 'ابو الفتوح الدنجاوى ', 95),
(425, 385, 'الركابيه المشتركه رقم 1', 189),
(425, 386, 'الساتين الابتدائية الجديدة', 353),
(425, 387, 'السعدنى الابتدائية المشتركة', 598),
(425, 388, 'السلام الابتدائية ', 465),
(425, 389, 'العاشر من رمضان ', 241),
(425, 390, 'ام الرضا الابتدائية المشتركة1 ', 394),
(425, 391, 'ام الرضا بنون', 271),
(425, 392, 'جمصة شرق الابتدائية ', 474),
(425, 393, 'جمصة غرب الابتدائية', 543),
(425, 394, 'د/أحمد زويل الابتدائية', 302),
(425, 395, 'رفاعة الطهطاوي الابتدائية م', 606),
(425, 396, 'عبد المجيد شلبي الابتدائية', 420),
(425, 397, 'علي مبارك الابتدائية', 397),
(425, 398, 'كفر البطيخ الابتدائية الجديدة', 708),
(425, 399, 'كفر البطيخ الابتدائية الحديثة', 671),
(425, 400, 'كفر البطيخ الابتدائية المشتركة', 809),
(425, 401, 'كفر البطيخ للتعليم الأساسي ', 637),
(425, 402, 'كفر يوسف للتعليم الاساسي', 242),
(525, 403, 'ابو رفاعى الابتدائية', 153),
(525, 404, 'ابو زرعى الابتدائية', 240),
(525, 405, 'ابو فرج الابتدائية للتعليم الأساسى المشتركة', 81),
(525, 406, 'الحمايدة للتعليم الاساسى/ ب', 550),
(525, 407, 'الخروبة الابتدائية للتعليم الاساسى', 148),
(525, 408, 'السكة الحديد تعليم اساسى بنين/ابتدائى', 289),
(525, 409, 'السكه الحديد تعليم اساسى بنات/ابتدائى', 273),
(525, 410, 'الشهيد سالم ابو طويلة الابتدائية', 376),
(525, 411, 'الشهيد/النقيب محمود صلاح فارس تعليم اساسى بنين/ ب', 332),
(525, 412, 'الشيخ زويد الابتدائية', 391),
(525, 413, 'العوايضة الابتدائية للتعليم الاساسى المشتركة', 251),
(525, 414, 'الكوثر للتعليم الاساسي بنات / ب', 346),
(525, 415, 'جرادة الابتدائية المشتركة تعليم أساسى', 62),
(525, 416, 'قبر عمير للتعليم الاساسى/ ب', 207),
(526, 417, 'ابن خلدون للتعليم الاساسي ', 125),
(526, 418, 'الشهيد مصطفى يحيي جاويش للتعليم الاساسي بنات', 500),
(526, 419, 'المساعيد للتعليم الاساسي بنين', 210),
(526, 420, 'مدرسة ابي حنيفة الابتدائية', 495),
(526, 421, 'مدرسة احمد حمدي الابتدائية', 779),
(526, 422, 'مدرسة احمد سلامة حمدان', 533),
(526, 423, 'مدرسة ال ذكري للتعليم الاساسي', 483),
(526, 424, 'مدرسة الشهيد احمد اسماعيل الحجاوى ', 731),
(526, 425, 'مدرسة العاشر من رمضان الابتدائية الدامجة', 468),
(526, 426, 'مدرسة جميل وهبي الابتدائية', 263),
(526, 427, 'مدرسة حمدان الخليلي الابتدائية', 354),
(526, 428, 'مدرسة شريف محمد حسين للتعليم الاساسي', 632),
(526, 429, 'مدرسة مصطفى حسين الابتدائية', 300),
(526, 430, 'مدرسة مصطفي حقي عثمان الابتدائية الدامجة ', 633),
(527, 431, 'أبو سعدان', 224),
(527, 432, 'أبو شلة ', 124),
(527, 433, 'التلول', 177),
(527, 434, 'الخربة ', 386),
(527, 435, 'السادات ', 324),
(527, 436, 'الشعراوي ', 922),
(527, 437, 'الشهيد عبد العزيز مرزوقه الابتدائيه', 450),
(527, 438, 'الغزلان ت ا ', 664),
(527, 439, 'أم عقبة القديمة ', 338),
(527, 440, 'بئر العبد الابتدائية المشتركة ', 724),
(527, 441, 'رمانة ق', 287),
(527, 442, 'سلمانة ', 286),
(527, 443, 'عمر بن الخطاب', 148),
(527, 444, 'متعب هجرس', 708),
(628, 445, '6اكتوبر الابتدائية الجديدة', 1201),
(628, 446, '6اكتوبر الشاملة', 792),
(628, 447, 'ابو بكر الصديق للتعليم الاساسى', 1200),
(628, 448, 'احمد زويل للتعليم الاساسى', 254),
(628, 449, 'اسامة بن زيد للتعليم الاساسى', 763),
(628, 450, 'الجيل الجديد تعليم اساسى', 535),
(628, 451, 'الحى 11 للتعليم الاساسى', 860),
(628, 452, 'الحى 12 للتعليم الاساسى', 664),
(628, 453, 'الحى الاول للتعليم الاساسى', 1021),
(628, 454, 'الشهيد احمد حسين مصطفى محمد رضوان', 727),
(628, 455, 'الشهيد احمد محمد مسعد للتعليم الاساسى', 559),
(628, 456, 'الشهيد محمود ابو المجد حلمى عبد العزيز', 926),
(628, 457, 'الشيماء الابتدائيه للتعليم الاساسى', 680),
(628, 458, 'الطلائع الاسلاميه للتعليم الاساسى', 520),
(628, 459, 'الفاروق عمر الابتدائيه للتعليم الاساسى', 1078),
(628, 460, 'الفتح للتعليم الاساسى', 1035),
(628, 461, 'المستقبل للتعليم الاساسى', 952),
(628, 462, 'ام المؤمنين عائشة', 827),
(628, 463, 'جمال حمدان', 521),
(628, 464, 'خالد بن الوليد للبنات', 164),
(628, 465, 'مصعب بن عمير', 829),
(628, 466, 'نهضة مصر', 660),
(629, 467, 'الرقة البحرية الابتدائيه المشتركة ', 364),
(629, 468, 'الشهيد شعبان بهنساوي الابتدائية المشتركة', 1117),
(629, 469, 'الوحدة المجمعة الابتدائية بصول', 573),
(629, 470, 'رياض الصالحين ب م', 793),
(629, 471, 'عزبة رياض الابتدائية المشتركة', 496),
(629, 472, 'كفرقنديل القبلى الابتدائية', 641),
(629, 473, 'محمد حسين نجم (كريستي)', 687),
(629, 474, 'مدرسة القبابات الابتدائية الجديدة', 735),
(629, 475, 'مدرسة نور الايمان الابتدائية', 273),
(630, 476, 'البليدة الابتدائية المشتركة', 110),
(630, 477, 'الجملة الابتدائية م', 218),
(630, 478, 'الجهاد الابتدائية المشتركة', 176),
(630, 479, 'الشهيد حسين العطار الابتدائية م', 246),
(630, 480, 'الشيخ محمد الحفنى الابتدائية', 174),
(630, 481, 'المقاطفية الابتدائية المشتركة', 148),
(630, 482, 'بهبيت الجديدة الابتدائية', 224),
(630, 483, 'جرزا الابتدائية المشتركة', 435),
(630, 484, 'صلاح الدين الابتدائيه', 56),
(630, 485, 'صلاح سالم للتعليم الاساسى الابتدائية', 178),
(630, 486, 'طهما الابتدائية المشتركة', 108),
(630, 487, 'عبد الوهاب عبد المحسن الابتدائية', 92),
(630, 488, 'على عبد الفتاح الابتدائية', 178),
(630, 489, 'كفر بركات الابتدائية', 146),
(630, 490, 'كفر تركى الابتدائية المشتركة', 147),
(630, 491, 'كفر عمار الابتدائية المشتركة', 317),
(630, 492, 'كفر قاسم الابتدائية', 60),
(630, 493, 'منشأة أبى العباس الابتدائية المشتركة', 142),
(630, 494, 'ميت القائد الابتدائية المشتركة', 102),
(630, 495, 'وحدة القطورى الابتدائية', 181),
(631, 496, 'الباويطي الابتدائية', 225),
(631, 497, 'الحارة الابتدائية', 273),
(631, 498, 'الزبو ', 89),
(631, 499, 'الزبو الابتدائية', 188),
(631, 500, 'الزبو الجديدة', 277),
(631, 501, 'السلام الابتدائية', 335),
(631, 502, 'الصديق الابتدائية', 419),
(631, 503, 'العبور الابتدائية', 153),
(631, 504, 'العجوز الابتدائية', 63),
(631, 505, 'الغربية الابتدائية', 108),
(631, 506, 'القبالة ', 51),
(631, 507, 'القبالة الابتدائية', 142),
(631, 508, 'القصر الابتدائية', 468),
(631, 509, 'القصعة الابتدائية', 110),
(631, 510, 'المناجم الابتدائية', 96),
(631, 511, 'تيسير عبد الفتاح', 74),
(631, 512, 'تيسير عبد الفتاح الابتدائية', 198),
(631, 513, 'جمال عبد الناصر', 380),
(631, 514, 'خالد بن الوليد', 538),
(631, 515, 'ريس الابتدائية', 51),
(631, 516, 'طبل امون', 16),
(631, 517, 'طبل امون الابتدائية', 40),
(631, 518, 'عمر بن الخطاب', 483),
(631, 519, 'عين الوادي', 55),
(631, 520, 'عين الوادي الابتدائية', 155),
(632, 521, 'الاسراء للتعليم الاساسى', 601),
(632, 522, 'التيسير للتعليم الاساسى', 1323),
(632, 523, 'الحياه للتعليم الاساسى', 1617),
(632, 524, 'السادات للتعليم الاساسى', 735),
(632, 525, 'الشباب للتعليم الاساسى', 772),
(632, 526, 'القادة تعليم اساسى', 329),
(632, 527, 'الكوثر الابتدائيه للتعليم الاساسى', 1010),
(632, 528, 'توفيق الحكيم ب', 110),
(632, 529, 'حمزه بن عبد المطلب الابتدائيه', 666),
(632, 530, 'د مجدى يعقوب ت أ', 622),
(632, 531, 'زيد بن حارثة ب', 388),
(632, 532, 'سميرة موسى الابتدائية للتعليم الاساسى', 397),
(632, 533, 'طلعت حرب للتعليم الأساسى الابتدائية', 947),
(632, 534, 'عبد المنعم رياض للتعليم الاساسى', 1057),
(632, 535, 'عمار بن ياسر الابتدائيه', 888),
(632, 536, 'عمر بن عبد العزيز ابتدائى', 833),
(632, 537, 'فاطمة الزهراء الابتدئية', 463),
(632, 538, 'قباء للتعليم الاساسى', 1461),
(632, 539, 'نور الايمان لتعليم الاساسى', 1075),
(632, 540, 'نور الهدى للتعليم الاساسى', 964),
(633, 541, 'اتريس الابتدائية', 734),
(633, 542, 'اتريس الابتدائية الجديدة', 266),
(633, 543, 'الامام ابن تيمية', 639),
(633, 544, 'الامل الابتدائية المشتركة', 453),
(633, 545, 'الشهيد ابراهيم ناجى ابراهيم', 595),
(633, 546, 'الشهيد جندى محمد شاكرعبد القوى', 1122),
(633, 547, 'الشهيد عبد المنعم رياض الابتدئية', 709),
(633, 548, 'الشهيد محمد عادل احمد الطويل', 657),
(633, 549, 'الشهيد مصطفى حجازى الابتدائية', 210),
(633, 550, 'الشيماء الابتدائية', 204),
(633, 551, 'بنى سلامه الابتدائية الحديثة', 240),
(633, 552, 'عزبة ابوخالد الابتدائية', 242),
(633, 553, 'عزبة البيـــــلى الابتدائية', 212),
(633, 554, 'كفر ابو الحديد الابتدائية', 661),
(633, 555, 'محولات القاهرة 500الابتدائية', 397),
(633, 556, 'منشاه القناطر بنين', 561),
(633, 557, 'وحدة ابو غالب الابتدائية', 1083),
(633, 558, 'وردان الابتدائية الجديدة', 509),
(633, 559, 'وردان الابتدائية القديمة', 207),
(633, 560, 'وردان سكة حديد الابتدائية', 124),
(634, 561, 'احمد عرابى الابتدائية المشتركة', 398),
(634, 562, 'احمد عرابي الرسمية لغات', 486),
(634, 563, 'الدكتور طه حسين الابتدائية', 1191),
(634, 564, 'الســــــــادات الإبتدائية', 116),
(634, 565, 'الطيار فكرى', 717),
(634, 566, 'العروبة الابتدائية', 374),
(634, 567, 'الفجر الجديد', 964),
(634, 568, 'النصر الإبتدائية', 559),
(634, 569, 'النيل ', 559),
(634, 570, 'الوحدة العربية الرسمية لغات', 328),
(634, 571, 'شباب المستقبل الابتدائية', 646),
(634, 572, 'عزيز  عزت', 172),
(634, 573, 'عمر مكرم الابتدائية', 384),
(634, 574, 'غزوة تبوك', 596),
(634, 575, 'مدينة العمال الابتدائية', 1257),
(634, 576, 'نجيب محفوظ ب', 1225),
(634, 577, 'يوسف السباعي الابتدائية ', 319),
(734, 578, 'البلينا الابتدائية المشتركة', 387),
(734, 579, 'الحرجة بالقرعان الابتدائية', 425),
(734, 580, 'الحرية الابتدائية بالسمطا', 834),
(734, 581, 'الساحل قبلي الابتدائية المشتركة', 460),
(734, 582, 'السلماني الابتدائية المشتركة', 415),
(734, 583, 'الشهيد اسلام خلف', 564),
(734, 584, 'الشهيد مازن حمدان عبود الابتدائية', 674),
(734, 585, 'الشيخ بركة الابتدائية', 642),
(734, 586, 'الشيخ مرزوق الابتدائيه ', 456),
(734, 587, 'العساكرة الابتدائية المشتركة', 291),
(734, 588, 'العوكليه ت أ', 574),
(734, 589, 'الغابات الابتدائية المشتركة', 340),
(734, 590, 'الغنيمية للتعليم الاساسى', 400),
(734, 591, 'بنى منصور الابتدائية الجديدة', 567),
(734, 592, 'بني منصور الابتدائية المشتركة', 531),
(734, 593, 'عبدالحميد عبدالشافى الابتدائية', 524),
(734, 594, 'كوم معين', 222),
(734, 595, 'مجمع اولاد عليو الابتدائية', 667),
(734, 596, 'مدرسة البورة الابتدائية المشتركة ', 393),
(734, 597, 'منشأة ابيدوس الابتدائية ', 254),
(734, 598, 'مؤسسة السمطا الابتدائية', 527),
(734, 599, 'ناصر تعليم أساسي بالسمطا', 429),
(734, 600, 'نجع العلاونة الابتدائية ', 301),
(734, 601, 'نجع مازن غرب ت.س', 418),
(735, 602, 'الجلايلة ت س', 227),
(735, 603, 'الحاج عبد اللا محمد الابتدائية بالوقدة ', 293),
(735, 604, 'الحريدية الجديدة ', 617),
(735, 605, 'السكة الحديد', 417),
(735, 606, 'السمارنة تعليم اساسي', 248),
(735, 607, 'الشيخ شبل الابتدائية', 544),
(735, 608, 'الغريزات الابتدائية الجديدة ', 830),
(735, 609, 'الفرقان الحديثة', 732),
(735, 610, 'الكرعي تعليم اساسي', 240),
(735, 611, 'المراغة الابتدائية المشتركة', 1450),
(735, 612, 'النجع الكبير', 480),
(735, 613, 'الوقدة ت س ', 365),
(735, 614, 'باصونة الابتدائية', 1069),
(735, 615, 'بنى وشاح', 382),
(735, 616, 'بهاليل الجزيرة الجديدة للتعليم الاساسى', 351),
(735, 617, 'شندويل الابتدائبة المشنركة', 219),
(735, 618, 'فزارة الجديدة ', 284),
(735, 619, 'مجمع الغريزات القديمة', 496),
(735, 620, 'مجمع بناويط ص', 817),
(735, 621, 'مدرسة بهتا للتعليم الاساسى', 580),
(735, 622, 'ناحية عامر', 412),
(735, 623, 'نجع ابوعوض', 168),
(735, 624, 'نجع العرب الابتدائية ', 576),
(735, 625, 'نجع هلال ت س', 379),
(736, 626, 'أحمد مهران', 560),
(736, 627, 'الاحايوة غرب الابتدائية', 533),
(736, 628, 'البياضية بالناظر', 1011),
(736, 629, 'الخناانسنة غرب', 1041),
(736, 630, 'الرويهب القديمة', 631),
(736, 631, 'الزوك الغربية الابتدائية الجديدة', 392),
(736, 632, 'السادات', 800),
(736, 633, 'الشهداء تعليم اساسي', 589),
(736, 634, 'الشهيد مدحت ابوبكر قاعود الرشايدة', 653),
(736, 635, 'الشيخ علام', 477),
(736, 636, 'الفتح الابتدائية بكوم بدار', 599),
(736, 637, 'الكوامل قبلي الابتدائية ', 768),
(736, 638, 'النويرات الابتدائية ', 800),
(736, 639, 'أولاد على ق', 584),
(736, 640, 'أولاد هارون', 619),
(736, 641, 'اولادحمزة للتعليم الاساسي', 598),
(736, 642, 'عزبه النمر ', 528),
(736, 643, 'عمروبن عبدالعزيز', 469),
(736, 644, 'مجمع روافع العيساوية', 1416),
(736, 645, 'نجع الحامدية الجديدة', 534),
(736, 646, 'نجع القنطرة القديمة', 718),
(736, 647, 'نجع النصرة', 968),
(737, 648, 'البربا ج 1', 436),
(737, 649, 'البربا ج2', 589),
(737, 650, 'التربية الحديثة', 1509),
(737, 651, 'الجادلات', 118),
(737, 652, 'الزواتنةالقبلية الابتدائية', 559),
(737, 653, 'الزواتنه البحريه', 715),
(737, 654, 'الشهيد احمد عبدالناصر', 510),
(737, 655, 'الشهيد طيار اسامة', 1902),
(737, 656, 'الشهيد محمود فوزى مراد ', 635),
(737, 657, 'المحاسنة الحديثة', 395),
(737, 658, 'أولاد غازي الابتدائية الجديدة', 366),
(737, 659, 'بندار الرملية الابتدائية', 706),
(737, 660, 'بندار الشرقية  الجديدة', 289),
(737, 661, 'بيت الخريبي ق', 440),
(737, 662, 'بيت علام الابتدائية الجديدة', 552),
(737, 663, 'عزبة الحيط', 409),
(737, 664, 'كوم اشكيلو ج', 169),
(737, 665, 'مجمع البربا الابتدائية ', 1024),
(737, 666, 'مدرسة المساعيد الابتدائية 2', 679),
(737, 667, 'مزاتا الجديدة', 521),
(737, 668, 'مزاتا القديمة ', 530),
(737, 669, 'نجع الجاويش', 344),
(737, 670, 'نجع سرور الابتدائية', 447),
(737, 671, 'نجع سعيد', 376),
(738, 672, 'ابوبكر الصديق الابتدائية بعنيبس', 508),
(738, 673, 'الجهاد الابتدائية المشتركة', 254),
(738, 674, 'الحرافشة تعليم اساسي', 359),
(738, 675, 'الهيش الابتدائية الجديدة', 224),
(738, 676, 'جهينة الابتدائية القديمة', 446),
(738, 677, 'جهينة الغربية تعليم اساسي أ', 342),
(738, 678, 'حسن حماد ', 181),
(738, 679, 'عثمان بن عفان', 216),
(738, 680, 'عمر بن الخطاب القديمة', 785),
(738, 681, 'مباني عنيبس الجديدة', 445),
(738, 682, 'مباني عنيبس ت اساسي', 356),
(738, 683, 'محمد عبد المطلب الابتدائية', 432),
(738, 684, 'مدرســــــــــــة / مجمع الطليحات ', 1195),
(738, 685, 'مدرسة الخمايسة الابتدائية', 234),
(738, 686, 'مدرسة الطليحات الابتدائية الجديدة', 787),
(738, 687, 'مدرسة صلاح سالم الابتدائية', 1025),
(738, 688, 'مدرسة نزة البحرية تعليم أساسي', 276),
(738, 689, 'مدرسة نزلة علي الابتدائية الجديدة', 334),
(738, 690, 'مدرسة نزلة علي الابتدائية المشتركة', 455),
(738, 691, 'نجع  بهادر', 232),
(738, 692, 'نجع الضبع', 308),
(738, 693, 'نجع حمزة للتعليم الأساسي', 215),
(738, 694, 'نجع عبدالصمد الابتدائية ', 224),
(738, 695, 'نزة الحاجر الابتدائية', 322),
(739, 696, 'الحمادية الجديدة ', 257),
(739, 697, 'الحواوسة الابتدائية ', 193),
(739, 698, 'الخرارطة الابتدائية', 204),
(739, 699, 'الشعارنة الغربية الابتدائية ', 420),
(739, 700, 'الشيخ عثمان بدمنو', 190),
(739, 701, 'الشيخ مكرم الابتدائية الصباحية ', 286),
(739, 702, 'القيصان الابتدائية', 222),
(739, 703, 'الكوامل بحري تعليم أساسي', 717),
(739, 704, 'اللواء نبيل فراج ب', 779),
(739, 705, 'المحامده القبليه تعليم اساسي', 770),
(739, 706, 'اولاد شلول تعليم اساسى ب', 648),
(739, 707, 'أولاد عزاز ب ج', 770),
(739, 708, 'اولاد غريب تعليم اساسى', 444),
(739, 709, 'أولاد نصير الجديدة', 549),
(739, 710, 'أولاد نصير للتعليم الأساسي ', 701),
(739, 711, 'باجا', 622),
(739, 712, 'جزيرة شندويل الجديدة', 864),
(739, 713, 'روافع القصير الابتدائية الجديدة', 1853),
(739, 714, 'سيدى عبد القادر ', 194),
(739, 715, 'محمود محمدين تعليم اساسي بالسطح', 478),
(739, 716, 'نجع الجزار ب بادفا', 381),
(739, 717, 'نجع الدموكى للتعليم الاساسى ', 485),
(739, 718, 'نجع الشوش للتعليم الأساسي', 779),
(739, 719, 'نجع الغوانم', 620),
(740, 720, ' الشيخ رحومه الابتدائية المشتركة', 210),
(740, 721, 'احمد حسين عامر', 441),
(740, 722, 'ارض الاوقاف ', 1040),
(740, 723, 'التحرير الجديدة', 776),
(740, 724, 'الجريدات', 428),
(740, 725, 'الزهراء المشتركة', 992),
(740, 726, 'الكوم الاصفر ', 466),
(740, 727, 'المرحوم مصطفي العمدة', 526),
(740, 728, 'بنت النيل', 1341),
(740, 729, 'حاجر مشطا الابتدائية', 441),
(740, 730, 'ساحل طهطا المشتركة', 835),
(740, 731, 'طهطا الابتدائية الجديدة', 804),
(740, 732, 'طهطا الابتدائية الحديثة ', 1277),
(740, 733, 'مجمع بنجا الابتدائية', 551),
(740, 734, 'مجمع شطورة للتعليم الاساسى ', 750),
(740, 735, 'مدرسة بنهو الابتدائية الجديدة ', 857),
(740, 736, 'ناصر بالطوالب', 354),
(740, 737, 'نجع حمد ب', 440),
(740, 738, 'نزلة الهريدي', 406),
(841, 739, 'ابنوب الجديدة الابتدائية', 1021),
(841, 740, 'آل حمزة الإبتدائية', 507),
(841, 741, 'القداديح تعليم أساسي', 330),
(841, 742, 'المرحوم وائل محمد بركات للتعليم الاساسى ', 66),
(841, 743, 'الناصرية', 1973),
(841, 744, 'تحرير بني رزاح', 236),
(841, 745, 'جزيرة بهيج ', 560),
(841, 746, 'خالدبن الوليد للتعليم الأساسي', 239),
(841, 747, 'دير الجبراوى الابتدائية', 423),
(841, 748, 'دير شو الابتدائية', 105),
(841, 749, 'دير شو للتعليم الاساسى', 177),
(841, 750, 'سوالم أبنوب الابتدائية ', 847),
(841, 751, 'عبد الباقي احمد علي الايتدائية', 435),
(841, 752, 'عبد الكريم عمري ', 239),
(841, 753, 'عرب العطيات البحرية للتعليم الاساسي', 351),
(841, 754, 'عرب العوامر الابتدائية ', 725),
(841, 755, 'عزبة طه للتعليم الاساسى ', 387),
(841, 756, 'عمر بن الخطاب ب ', 259),
(841, 757, 'مجمعة الحمام الابتدائية المشتركة', 423),
(841, 758, 'نزالى الحرجات الاتدائية المشركة', 492),
(840, 759, 'أبو الحارث للتعليم الأساسي ب', 422),
(840, 760, 'اسامة بن زيد الرسمية ', 411),
(840, 761, 'الاقادمة الابتدائية الحديثة', 627),
(840, 762, 'الأقباط والإنجيلية ب . م  بالنخيلة', 136),
(840, 763, 'الزرابى للتعليم الاساسى', 250),
(840, 764, 'الزرابي الإنجيلية الابتدائية المشتركة', 181),
(840, 765, 'الشهيد حسن عبد السلام قايد', 1205),
(840, 766, 'الشهيد خليفه جارحي الابتدائية بالنخيلة', 669),
(840, 767, 'الشيخ عبد الحفيظ القرنى بالنخيلة', 367),
(840, 768, 'العاشر من رمضان بدكران', 370),
(840, 769, 'العميد جمال هاشم الابتدائية المشتركة بالنخيلة', 790),
(840, 770, 'القومية العربية الابتدائية المشتركة بدوينه', 501),
(840, 771, 'المسعودى الابتدائية', 688),
(840, 772, 'الوحدة العربية ب م بالاقادمة', 820),
(840, 773, 'الوحدة المجمعة بالزرابي', 264),
(840, 774, 'أميرالمؤمنين بالنخيلة ', 426),
(840, 775, 'بني سميع الابتدائية الجديدة ', 297),
(840, 776, 'دوينة الإبتدائية المشتركة', 1290),
(840, 777, 'طه حسين ب ببني سميع', 514),
(840, 778, ' الشهيد جعفر علي الابتدائية بالنخيلة ', 158),
(842, 779, 'اسامه بن زيد الابتدائيه', 555),
(842, 780, 'اسيوط الاهلية', 275),
(842, 781, 'الاستقلال بموشا', 197),
(842, 782, 'الزهراء الابتدائية', 906),
(842, 783, 'الشهيد طارق جميل الإبتدائية ( الجلاء سابقا )', 1047),
(842, 784, 'اللواء نبيل العزبي الابتدائية', 400),
(842, 785, 'المنشية الابتدائيه بنات', 175),
(842, 786, 'الناصر صلاح الدين بموشا', 626),
(842, 787, 'الهدايا الجديدة للتعليم الأساسي', 271),
(842, 788, 'الوحدة العربية الابتدائية ', 601),
(842, 789, 'اولاد ابراهيم الابتدائية المشتركة', 727),
(842, 790, 'بني غالب للتعليم الاساسي', 237),
(842, 791, 'حافظ إبراهيم الابتدائية', 334),
(842, 792, 'خديجه بنت خويلد ', 756),
(842, 793, 'درية الحسينى ب.م', 554),
(842, 794, 'صلاح ابو دنقل للتعليم الاساسي', 513),
(842, 795, 'طة حسين الابتدائية', 388),
(842, 796, 'عزبة كريم', 139),
(842, 797, 'علي مبارك', 230),
(842, 798, 'مصطفى كامل  الابتدائية', 250),
(843, 799, 'ابوسيف المشتركة ', 814),
(843, 800, 'أسامة بن زيد - بعرب الجهمة', 382),
(843, 801, 'د. حكمت ابوزيد الأبتدائية المشتركة ', 531),
(843, 802, 'دير المحرق الابتدائية', 324),
(843, 803, 'رزقة الدير الجديدة الإبتدائية المشتركة', 194),
(843, 804, 'سعد بن ابى وقاص الابتدائية ', 378),
(843, 805, 'عزبة السلام المشتركة للتعليم الأساسي بمنشاة خشبة', 124),
(843, 806, 'عزبة مراد الابتدائية الجديدة', 278),
(843, 807, 'عزبة مراد الابتدائية المشتركة', 249),
(843, 808, 'عمار بن ياسر الابتدائية', 214),
(843, 809, 'عمرو بن العاص', 230),
(843, 810, 'لشيخ احمد اسماعيل', 563),
(843, 811, 'محمد النص للتعليم الاساسي لعرب الشيخ عون الله', 486),
(843, 812, 'مدرسة ابو سيف الابتدائية بنين ببني قرة', 130),
(843, 813, 'مدرسة ابوسيف الابتدائية الجديدة', 804),
(843, 814, 'مدرسة الشيخ عون الله الابتدائية', 644),
(843, 815, 'مدرسة العريصة للتعليم الاساسى', 189),
(843, 816, 'منشاة خشبه الجديدة', 189),
(843, 817, 'نجع عرب التتالية الابتدائية المشتركة', 398),
(843, 818, 'نزالي جانوب الابتدائية المشتركة ', 838),
(839, 819, 'احمد بهاء الدين', 491),
(839, 820, 'البارود شرق للتعليم الأساسي', 840),
(839, 821, 'التفوق الابتدائية بالوعاضلة', 491),
(839, 822, 'الخلفاء', 747),
(839, 823, 'الدوير المشتركة للتعليم الاساسي', 437),
(839, 824, 'الشناينة الابتدائية المشتركة', 317),
(839, 825, 'الشهداء الابتدائية المشتركة بكوم اسفحت', 560),
(839, 826, 'الشهيد محمد عبد الحفيظ باولاد الياس', 506),
(839, 827, 'العروبة بالشناينة', 213),
(839, 828, 'الوحدة المجمعة للتعليم الاساسي بأولاد الياس', 764),
(839, 829, 'أولاد إلياس الإبتدائية بنات', 192),
(839, 830, 'ثابت احمد عامر', 208),
(839, 831, 'جزيرة مجريس للتعليم الاساسى ', 399),
(839, 832, 'صديق على عبدالله للتعليم الاساسي', 266),
(839, 833, 'عثمان بن عفان الابتدائية بالبربا ', 169),
(839, 834, 'عمر بن الخطاب بالبربا ', 210),
(839, 835, 'كوم اسفحت الابتدئية المشتركة', 526),
(839, 836, 'مدرسه الدوير الابتدائيه بنين', 475),
(839, 837, 'نجوع السدادرة للتعليم الأساسي', 254),
(839, 838, 'نزلة الأبلق الإبتدائية المشتركة', 159),
(944, 839, 'ابو شنب بالعجميين', 118),
(944, 840, 'الشنطوري الابتدائية', 368),
(944, 841, 'الشهيد احمد زيدان بسيونى', 1537),
(944, 842, 'الشهيد تامراحمد رمضان سنروالجديدة سابقا', 516),
(944, 843, 'المحمدية بالعجميين', 596),
(944, 844, 'بنات ابشواي الابتدائية ', 2380),
(944, 845, 'بنات العجميين ', 1855),
(944, 846, 'سيد المرسلين', 659),
(944, 847, 'عبدالرؤوف القاضي', 211),
(944, 848, 'محمد شاكر', 659),
(945, 849, ' عبدالظاهر على عيسى', 169),
(945, 850, 'الكعابى القديمه', 332),
(945, 851, 'بنين 1 فيديمين', 246),
(945, 852, 'حسنين ضيف الله الابتدائية', 102),
(945, 853, 'عبدالسلام كريم ت.أ', 336),
(945, 854, 'عزبة الجندى للتعليم الاساسى', 207),
(945, 855, 'عزبه دكم', 191),
(945, 856, 'عمر بن الخطاب بفيديمين', 354),
(945, 857, 'عنتر سيد جوده', 276),
(945, 858, 'فوزي مراد ', 115),
(946, 859, 'الشركة', 590),
(946, 860, 'الشهيد ياسر كمال تمام ', 785),
(946, 861, 'العامرية 1 مسائى', 746),
(946, 862, 'بحر يوسف الابتدائية ', 172),
(946, 863, 'سكينة ايوب الابتدائية', 1131),
(946, 864, 'عثمان بن عفان', 752),
(946, 865, 'مجمع زاوية الكرادسة ', 486),
(946, 866, 'محمد معبد', 885),
(946, 867, 'محمود السيد', 214),
(946, 868, 'مدرسة الفيوم الجديدة ت .ا', 475),
(947, 869, 'البحاروة  ', 259),
(947, 870, 'الشاعت ', 542),
(947, 871, 'الفهمية الابتدائية ', 1281),
(947, 872, 'الكتبي الابتدائية', 277),
(947, 873, 'الكومى', 756),
(947, 874, 'عمربن الخطاب روبيل', 178),
(947, 875, 'مجمع سرسنا الابتدائية', 1020),
(947, 876, 'محمد قدافى تعليم أساسى', 274),
(947, 877, 'محى الدين ابو العز', 1043),
(947, 878, 'منشاة سرسنا 2 ', 165),
(948, 879, 'التفتيش', 728),
(948, 880, 'الجوهرجي الغربي الابتدائية', 284),
(948, 881, 'القرية الثانية الابتدائية الجديدة', 352),
(948, 882, 'امين حسن والي', 192),
(948, 883, 'سيف النصر', 326),
(948, 884, 'على شكرى تعليم اساسي', 151),
(948, 885, 'قصر الجبالى ا', 691),
(948, 886, 'قوته الابتدائية الجديدة ', 318),
(948, 887, 'كحك قبلي الابتدائية', 654),
(948, 888, 'والي ميزار الابتدائية', 497),
(1049, 889, 'ادندان الابتدائية', 156),
(1049, 890, 'الاشراف الابتدائية', 82),
(1049, 891, 'البطل احمد ادريس التجريبي', 216),
(1049, 892, 'الدكة الملحلقة بالاعدادية', 214),
(1049, 893, 'الديوان الابتدائية', 207),
(1049, 894, 'الكرامة للتعليم الاساسي بالنقرة', 220),
(1049, 895, 'بلانة رابع', 200),
(1049, 896, 'توشكي شرق', 346),
(1049, 897, 'توشكي غرب', 349),
(1049, 898, 'دهميت الابتدائية الجديدة', 131),
(1049, 899, 'رفقة محمد الابتدائية بنات', 237),
(1049, 900, 'عمر بن الخطاب', 7),
(1049, 901, 'عنيبة ثان الابتدائية', 245),
(1049, 902, 'فتحي محي الدين', 79),
(1049, 903, 'قرشة للتعليم الاساسي', 75),
(1049, 904, 'كرسكو الابتدائية', 148),
(1049, 905, 'كشتمنة غرب الايتدائية', 156),
(1049, 906, 'مجمع كلابشة الابتدائية', 122),
(1049, 907, 'مدرسة المالكي بنات الابتدائية', 99),
(1049, 908, 'مرواو', 122),
(1049, 909, 'نجع العرب الابتدائية', 213),
(1050, 910, 'ادفو بنين', 856),
(1050, 911, 'الحاج زيدان الإبتدائية القديمة', 125),
(1050, 912, 'الرديسية شرق', 321),
(1050, 913, 'الرمادي قبلي القديمة', 311),
(1050, 914, 'الرماي قبلي الجديدة', 180),
(1050, 915, 'السباعية بنين', 601),
(1050, 916, 'السباعية شرق', 172),
(1050, 917, 'السراج الابتدائية الجديدة', 61),
(1050, 918, 'الشطيب الإبتدائية', 183),
(1050, 919, 'الشماخية ق', 487),
(1050, 920, 'الشهيد سعيد عبدالعزيز', 401),
(1050, 921, 'الشهيد محمد عبدالدايم', 265),
(1050, 922, 'الشيخ إبراهيم مدني الطيب', 278),
(1050, 923, 'الصعايدة قبلي بنين', 298),
(1050, 924, 'القنادلة', 455),
(1050, 925, 'الكلح شرق للتعليم الأساسي بالدومة', 167),
(1050, 926, 'الكيال', 166),
(1050, 927, 'اللديد الإبتدائية للتعليم الأساسي', 215),
(1050, 928, 'مجمع البصيلية بحري', 621),
(1050, 929, 'معروف', 627),
(1051, 930, 'الامام على الصباحى ', 185),
(1051, 931, 'الامام على المسائية', 61),
(1051, 932, 'الجمهورية الابتدائية المشتركة', 409),
(1051, 933, 'السادات الابتدائية', 1064),
(1051, 934, 'الشهيد اشرف مصطفى', 459),
(1051, 935, 'الشهيد عبدالله محمود شحات', 618),
(1051, 936, 'العروة الوثقي الابتدائية', 914),
(1051, 937, 'الكوبانية', 104),
(1051, 938, 'سنية طه', 311),
(1051, 939, 'شجرة الدر الابتدائية ', 515),
(1051, 940, 'عبدالعزيز مركب', 280),
(1051, 941, 'عبدالعظيم فضل', 205),
(1051, 942, 'عبدالمحسن طاهر رزق', 331),
(1051, 943, 'علي ناصر ', 826),
(1051, 944, 'كيما الجديدة', 583),
(1051, 945, 'كيما الصباحية الابتدائية', 683),
(1051, 946, 'مجمع عزيزابراهيم', 454),
(1051, 947, 'محمد عبدالمعطي', 200),
(1051, 948, 'هدى شعراوى', 291),
(1052, 949, 'أبو هور الابتدائيه', 458),
(1052, 950, 'الإتحاد العربي ', 181),
(1052, 951, 'الحربياب الأبتدائية', 31),
(1052, 952, 'الرقبة الجدبدة', 155),
(1052, 953, 'الشهيد طيار الابتدائية', 359),
(1052, 954, 'الشيخ ابرهيم الابتدئية', 421),
(1052, 955, 'الطويسة الابتدائية', 178),
(1052, 956, 'القفطية الابتدائية', 504),
(1052, 957, 'بنبان الوسطى الابتدائية ', 377),
(1052, 958, 'بنبان قبلي الابتدائية ', 226),
(1052, 959, 'حديدون الابتدائية', 177),
(1052, 960, 'مجمع الشطب الابتدائية', 136),
(1052, 961, 'نجع الحجر الابتدائية', 263),
(1052, 962, 'نجع ونس الابتدائية المشتركة الجديدة', 441),
(1053, 963, 'أبوير الإبتدائية المشتركة ', 291),
(1053, 964, 'البصالى', 435),
(1053, 965, 'السوهاجيه', 119),
(1053, 966, 'الشروق', 137),
(1053, 967, 'الشهيد إبراهيم يوسف ', 321),
(1053, 968, 'الشهيد عقيل', 229),
(1053, 969, 'الشهيد محمود سليمان الابتدائية ', 385),
(1053, 970, 'الشهيد مصطفي عدلي', 352),
(1053, 971, 'الشيخ على عبدالعال', 143),
(1053, 972, 'العتمور بحرى الابتدائية', 333),
(1053, 973, 'العليقات', 409),
(1053, 974, 'المنشية الابتدائية المشتركة', 522),
(1053, 975, 'سيعة بحرى الابتدائية', 231),
(1053, 976, 'ش ملازم محمد يس', 319),
(1053, 977, 'عمر بن الخطاب الابتدائية  بمنيحة', 222),
(1053, 978, 'عمر بن الخطاب الابتدائية بكوم امبو', 730),
(1053, 979, 'عوض موسى الابتدائية', 291),
(1053, 980, 'كرم الديب الابتدائية', 439),
(1053, 981, 'محمد متولى الشعراوى', 681),
(1053, 982, 'نحيا مصر بحجازه', 284);

-- --------------------------------------------------------

--
-- Table structure for table `student`
--

CREATE TABLE `student` (
  `StudentID` int(11) NOT NULL,
  `SchoolID` int(11) NOT NULL,
  `Name` varchar(50) CHARACTER SET utf8 COLLATE utf8_bin NOT NULL,
  `Class` int(3) NOT NULL,
  `Gender` varchar(10) CHARACTER SET utf8 COLLATE utf8_bin NOT NULL
) ENGINE=InnoDB DEFAULT CHARSET=utf8mb4 COLLATE=utf8mb4_general_ci;

--
-- Dumping data for table `student`
--

INSERT INTO `student` (`StudentID`, `SchoolID`, `Name`, `Class`, `Gender`) VALUES
(1, 907, 'انثى', 3, 'الاء محمود'),
(2, 904, 'ذكر', 3, 'احمد ابو ا'),
(3, 904, 'ذكر', 3, 'احمد مصطفي'),
(4, 904, 'ذكر', 3, 'ادم محمد ش'),
(5, 904, 'ذكر', 3, 'ابوالحمد ع'),
(6, 904, 'ذكر', 3, 'البراء حسا'),
(7, 904, 'ذكر', 3, 'إياد أحمد '),
(8, 904, 'ذكر', 3, 'اياد رجب ك'),
(9, 904, 'ذكر', 3, 'جمال حسين '),
(10, 904, 'ذكر', 3, 'حسين ابراه'),
(11, 904, 'ذكر', 3, 'حمزه احمد '),
(12, 904, 'ذكر', 3, 'سفيان محمد'),
(13, 904, 'ذكر', 3, 'عبد المعز '),
(14, 904, 'ذكر', 3, 'عثمان شعبا'),
(15, 904, 'ذكر', 3, 'عدي امير س'),
(16, 904, 'ذكر', 3, 'علي صابر م'),
(17, 904, 'ذكر', 3, 'فؤاد محمد '),
(18, 904, 'ذكر', 3, 'مروان هشام'),
(19, 904, 'ذكر', 3, 'ميسرة اسام'),
(20, 904, 'ذكر', 3, 'نادر خضر ع'),
(21, 904, 'ذكر', 3, 'يوسف ايمن '),
(22, 904, 'انثى', 3, 'اريج عمرو '),
(23, 904, 'ذكر', 3, 'مصطفي محمد');

-- --------------------------------------------------------

--
-- Table structure for table `testresult`
--

CREATE TABLE `testresult` (
  `ResultID` int(11) NOT NULL,
  `StudentID` int(11) NOT NULL,
  `Evaluator` varchar(60) NOT NULL,
  `Q1` int(11) NOT NULL,
  `Q2` int(11) NOT NULL,
  `Q3` int(11) NOT NULL,
  `Q4` int(11) NOT NULL,
  `Q5` int(11) NOT NULL,
  `Q6` int(11) NOT NULL,
  `Q7` int(11) NOT NULL,
  `Q8` int(11) NOT NULL,
  `Q9` int(11) NOT NULL,
  `Q10` int(11) NOT NULL,
  `Q11` int(11) NOT NULL,
  `Q12` int(11) NOT NULL,
  `Q13` int(11) NOT NULL,
  `Total_Score` int(11) NOT NULL
) ENGINE=InnoDB DEFAULT CHARSET=utf8 COLLATE=utf8_bin;

--
-- Indexes for dumped tables
--

--
-- Indexes for table `edara`
--
ALTER TABLE `edara`
  ADD PRIMARY KEY (`EdaraID`),
  ADD KEY `GovID` (`GovID`);

--
-- Indexes for table `evaluator`
--
ALTER TABLE `evaluator`
  ADD PRIMARY KEY (`ID`),
  ADD KEY `schoolID` (`schoolID`);

--
-- Indexes for table `government`
--
ALTER TABLE `government`
  ADD PRIMARY KEY (`GovID`);

--
-- Indexes for table `school`
--
ALTER TABLE `school`
  ADD PRIMARY KEY (`SchoolID`),
  ADD KEY `EdaraId` (`EdaraID`);

--
-- Indexes for table `student`
--
ALTER TABLE `student`
  ADD PRIMARY KEY (`StudentID`),
  ADD KEY `SchoolId` (`SchoolID`);

--
-- Indexes for table `testresult`
--
ALTER TABLE `testresult`
  ADD PRIMARY KEY (`ResultID`),
  ADD KEY `StudentID` (`StudentID`);

--
-- AUTO_INCREMENT for dumped tables
--

--
-- AUTO_INCREMENT for table `evaluator`
--
ALTER TABLE `evaluator`
  MODIFY `ID` int(11) NOT NULL AUTO_INCREMENT;

--
-- AUTO_INCREMENT for table `student`
--
ALTER TABLE `student`
  MODIFY `StudentID` int(11) NOT NULL AUTO_INCREMENT, AUTO_INCREMENT=2147483648;

--
-- AUTO_INCREMENT for table `testresult`
--
ALTER TABLE `testresult`
  MODIFY `ResultID` int(11) NOT NULL AUTO_INCREMENT;

--
-- Constraints for dumped tables
--

--
-- Constraints for table `edara`
--
ALTER TABLE `edara`
  ADD CONSTRAINT `edara_ibfk_1` FOREIGN KEY (`GovID`) REFERENCES `government` (`GovID`);

--
-- Constraints for table `evaluator`
--
ALTER TABLE `evaluator`
  ADD CONSTRAINT `evaluator_ibfk_1` FOREIGN KEY (`schoolID`) REFERENCES `school` (`SchoolID`);

--
-- Constraints for table `school`
--
ALTER TABLE `school`
  ADD CONSTRAINT `school_ibfk_1` FOREIGN KEY (`EdaraID`) REFERENCES `edara` (`EdaraID`);

--
-- Constraints for table `student`
--
ALTER TABLE `student`
  ADD CONSTRAINT `student_ibfk_1` FOREIGN KEY (`SchoolID`) REFERENCES `school` (`SchoolID`);

--
-- Constraints for table `testresult`
--
ALTER TABLE `testresult`
  ADD CONSTRAINT `testresult_ibfk_1` FOREIGN KEY (`StudentID`) REFERENCES `student` (`StudentID`);
COMMIT;

